Let o = l - -135. What is the hundreds digit of o?
1
Suppose 0 = -5*d + d + 20, -442 = -4*h - 2*d. Suppose -h = -6*t + 2*t. What is the units digit of t?
7
What is the tens digit of 2/(-10) - (-2381)/5?
7
Let j = 1601 - 712. Suppose -b + j = 2*b - f, 0 = 4*b - 2*f - 1182. What is the tens digit of b?
9
Let q be 2/(-7) + 60/14. Suppose -7 = -q*n + 1. Suppose p - 1 = u + 10, -3*p = n*u - 13. What is the units digit of p?
7
Let g = 6 + -4. Suppose 2*u - 164 = -0*m - 5*m, u + 71 = g*m. What is the units digit of m?
4
Let h(x) = 2*x**2 + 24*x - 58. What is the tens digit of h(8)?
6
Suppose -2*g + 5*r = r - 14, 14 = 4*g - r. Suppose 0 = g*l - 2*q - 648, 0*l - l = 2*q - 224. What is the tens digit of l?
1
Suppose 5*n = 2862 - 157. What is the units digit of n?
1
Suppose -2*t + 199 = -497. What is the units digit of t?
8
Let r(q) = q**3 - 12*q**2 - 7*q + 32. Let a(j) = 3*j + 1. Let o be a(4). What is the tens digit of r(o)?
1
Let s(z) = -z**3 + 7*z**2 + 2*z. What is the units digit of s(4)?
6
Let m(r) = 4*r + 43 + 18 - 16. What is the tens digit of m(9)?
8
Let s(j) = j**2 + 10*j + 5. Let n be s(-10). Suppose 2*a - 698 = -5*f, 2*f = 4*f - n*a - 285. What is the hundreds digit of f?
1
Suppose 1392 = 6*d - 3792. What is the hundreds digit of d?
8
Let f(n) = n**2 + 12*n - 24. Let p be f(-14). Suppose -4*i - p*k + 2*k + 154 = 0, 5*i - 4*k = 225. What is the units digit of i?
1
Suppose 4*m + p - 7740 = 0, 0*p - 2*p - 5794 = -3*m. What is the hundreds digit of m?
9
Let i = 12 + -25. Suppose 3*w = 2*g + 2*w + 47, 50 = -2*g + 4*w. Let p = i - g. What is the tens digit of p?
1
Suppose -101*s + 106*s - 21525 = 0. What is the tens digit of s?
0
What is the tens digit of 4300 + (1/2)/(30/240)?
0
Let f be ((-124)/(-5))/(2/(-55)). Let l = f - -989. What is the units digit of l?
7
Let l(t) = -60 - t**2 - 3*t + 64 + 0*t. Let i be l(2). What is the tens digit of -1 + i/(-3) + 60?
6
Let w(k) be the second derivative of k**5/20 - k**4/12 - k**3 + 2*k**2 - 5*k. Let b be -1 - -3 - -1 - 0. What is the units digit of w(b)?
4
Let x(c) = -27*c - 12. Let v be x(-4). What is the units digit of 16/v - 646/(-12)?
4
Let m(r) = -121*r**3 + 5*r**2 - 20*r - 50. What is the hundreds digit of m(-2)?
9
Let g be (-1 - -2) + ((-25)/(-5) - -5). Let j = 32 - g. What is the units digit of j?
1
Let d(c) be the first derivative of -c**4/12 + c**3/2 - 2*c**2 - 5. Let a(m) be the second derivative of d(m). What is the units digit of a(-5)?
3
Suppose -2*x + 2*c + 139 = -281, -5*c + 1080 = 5*x. What is the units digit of x?
3
Let r(y) = -7*y - 1. Let u = 14 - -3. Suppose 0 = -5*o - 2*f - u, 3*f = 3 - 6. What is the tens digit of r(o)?
2
Let a(k) = 3*k**2 + k - 5. Let t = 42 - 38. Let r be 1*(-5 + t + -3). What is the tens digit of a(r)?
3
Let p(c) = 23*c - 450. What is the units digit of p(22)?
6
What is the hundreds digit of 9 + 19/(95/16570)?
3
Suppose -14 = -9*l + 2*l. Let z(u) = 22*u**2 - 8*u + 2. What is the tens digit of z(l)?
7
Suppose 994 = 18*n - 18266. What is the thousands digit of n?
1
Let o = 25 - 38. Let d = 18 + o. Suppose -b + 83 = g + 3*g, d*b + 25 = 0. What is the units digit of g?
2
Let n(q) = q - 2. Let y be n(6). Let a = -6 + y. Let b(l) = 7*l**2 + l - 1. What is the tens digit of b(a)?
2
Let n be 4 + -5 + (-55)/(-5). Let p be -2 - 0 - -2 - -3. Suppose p*b = n*b - 14. What is the units digit of b?
2
Let z(v) = -4*v**3 + v**2 - 1. Let i be z(3). Let y be (3/(-6))/(2/i). Suppose -k + y = 5*s, 0*s - 20 = -2*k + 5*s. What is the tens digit of k?
1
Suppose -183 = 8*u + 417. Let j = u - -125. What is the tens digit of j?
5
Suppose -90 + 582 = 2*o - 5*s, -2*o - 2*s + 506 = 0. Let x = o - 30. What is the units digit of x?
1
Let o be 115 - (1 + 1 + -4). Let q = 184 - o. What is the units digit of q?
7
What is the hundreds digit of 25832/(-12)*42/(-28)?
2
What is the hundreds digit of ((-48)/2)/((-9)/156)?
4
Let d = -8063 + 11690. What is the tens digit of d?
2
Let k = -1 + 3. Let v be k*((-1 - 2) + 4). Suppose 2*g + 3*i - 115 = -21, i = v*g - 78. What is the tens digit of g?
4
What is the tens digit of (1 - 2) + -1 - 7076/(-61)?
1
Suppose 0 = 3*n + 36 + 36. Let f = -12 - n. Suppose 4*a = 2*g - f - 16, 0 = 2*g + a - 43. What is the tens digit of g?
2
Let h = 41 + -11. Suppose -3*m - 2*g + 74 = 0, -g + h = m - 3*g. What is the tens digit of m?
2
What is the tens digit of ((-12)/(-8)*-1)/(12/(-4008))?
0
Let i(c) = -2*c + 6. Suppose 0*u + 12 = -3*u. Let v be i(u). Suppose -v = y - 38. What is the tens digit of y?
2
Let s(y) = 13*y - 25. Let c(p) = -19*p + 38. Let m(a) = 5*c(a) + 7*s(a). What is the tens digit of m(-9)?
5
Suppose 44 = 4*w + 2*m, 4*m = -w + m + 1. Let l = 17 - w. What is the units digit of l?
4
Let d = -277 + 282. What is the units digit of d?
5
Suppose 26*d = 30*d - 1408. What is the units digit of d?
2
Let r(a) = -22*a**2. Let j(u) = u**2 - 8*u - 10. Let c be j(9). Let t be r(c). Let b = t + 33. What is the tens digit of b?
1
Let x = -3209 + 5075. What is the thousands digit of x?
1
Let d be 2/(-5) + (-40)/25. Suppose -o - 2*z = -5*o - 66, z + 24 = -o. What is the tens digit of (o/3)/(d/6)?
1
Suppose -4*m - 2*g + 566 = 0, -15*m + g + 285 = -13*m. What is the hundreds digit of m?
1
Suppose 0 = -50*w + 49*w + 8. Suppose 375 = 3*j - 5*f, j + w*f - 3*f = 125. What is the units digit of j?
5
Suppose 4*i - i - 79 = -g, 4*g = i + 290. Suppose 54*o = 58*o - 16. Suppose o*w - 195 - g = 0. What is the tens digit of w?
6
Suppose 3*h + u - 2605 = 0, 0*u + 1742 = 2*h + 2*u. What is the hundreds digit of h?
8
Suppose -b = 5*a - 21, b - 5 = -2*a + 4. Suppose p + 17 = -0*q - a*q, -2*p + 4*q = -26. Suppose 7 = -p*n + 55. What is the units digit of n?
6
Let j(k) be the third derivative of -k**6/40 - k**5/30 + k**4/6 - k**3/6 - 17*k**2. What is the tens digit of j(-3)?
5
Let l(m) = -m**2 - 32*m - 30. What is the units digit of l(-28)?
2
Let l(b) = -2*b - 12. Let p be l(-8). Suppose -p*n + 117 = -127. What is the units digit of n?
1
What is the tens digit of (-237)/(-15)*5 + 7?
8
Suppose -4*m = -25 + 5. Let k(o) = m*o + 13 - 38 + 12. What is the tens digit of k(16)?
6
Suppose 2*h = -4*c - c, -5*h = 5*c - 15. Suppose 0 = 2*j + 2*n + 3*n + 6, -h = j + 3*n. Let b = 32 + j. What is the units digit of b?
9
Suppose -4*h - g + 2*g = -132, 3*h - 99 = -g. Suppose -y = 2*z - 170, 3*z = -2*y + 372 - h. What is the hundreds digit of y?
1
Let r(b) = -4*b - 1. Let y(q) = 25*q + 6. Let u(l) = 39*r(l) + 6*y(l). What is the units digit of u(-8)?
5
Suppose -3*y + 354 = 4*l, 0 = l - y + 4*y - 93. Suppose c + 3 = l. What is the units digit of c?
4
Let a be (16 + 195)/(1/3). What is the units digit of a/7 + (-21)/49?
0
Suppose 3*d + 2*y = 601, 5*d = d - 5*y + 792. What is the units digit of d?
3
Let u = 15 + 2. Let j(d) = -d**2 - 3*d + 55. Let z be j(-7). Let o = z - u. What is the tens digit of o?
1
Let d = -263 - -188. Suppose 0 = -n + 5*n + 12. What is the units digit of (1 + 0)/(n/d)?
5
Suppose -3*t - 272 = -u, 12*u + 3*t = 7*u + 1432. What is the units digit of u?
4
Let q(y) = -y**2 - 3*y + 61. Let v be (-13)/(-52) - 2/8. What is the tens digit of q(v)?
6
Let b = 3 - 3. Suppose 2*j - 1 - 11 = b. What is the units digit of j?
6
Let i = -4179 + 6272. What is the tens digit of i?
9
Let p(a) = -a**2 + 0*a**2 + 6*a + 20 - a**2 + 7*a**2. Let j(x) = 4*x**2 + 5*x + 21. Let f(t) = 6*j(t) - 5*p(t). What is the tens digit of f(0)?
2
Let n(m) = m**2 - 5*m - 10. Let v be n(6). What is the units digit of 735/10 + v/8?
3
Let n(c) be the third derivative of -c**5/60 + 19*c**4/24 + c**3 + 32*c**2. What is the tens digit of n(6)?
8
Let v(f) = 18*f + 1. Suppose 5*s - 33 = -4*z, -3*s + z + 13 = -0*z. Suppose 0 = -5*c + 8*j - 3*j + s, -2*j - 3 = -3*c. What is the tens digit of v(c)?
1
Suppose -32*s + 513 = -23*s. What is the units digit of s?
7
Let q(r) = 4*r**2 - 2. Let b be q(-2). Suppose -5*m - 5*a - 4 = 1, 4*a = -m + b. Let l(i) = -i**2 - 6*i + 5. What is the units digit of l(m)?
5
Let m(w) = 36*w**2 + 4*w - 12. Let h be m(3). Suppose h = 37*p - 35*p. What is the tens digit of p?
6
Let l(o) = -1 + 0*o**2 + 2*o**2 + 2*o + 3. Suppose x + 2 = -0*x. What is the units digit of l(x)?
6
Suppose 2*l + 3*m = m + 32, 2*l - 4*m = 26. Suppose 0*q + 4*q - 39 = -5*k, -l = -5*k. What is the units digit of q?
6
Suppose 0 = 30*v - 32*v +